 - 0*f - 64. Calculate the greatest common factor of y and f.
8
Suppose 0 = -4*j + y + 384, 14*y = 3*j + 9*y - 305. Calculate the greatest common factor of j and 1805.
95
Let v(j) = -j**3 + j**2 + 16*j + 516. Let s be v(0). What is the greatest common divisor of 301 and s?
43
Let a(v) = -v + 10. Let t be a(8). Suppose 2*g + 2 = 0, -t*g + 66 + 283 = 3*x. Calculate the greatest common factor of 13 and x.
13
Let s be (30/(-20))/(1/20). Let v = s - -277. Calculate the highest common divisor of 19 and v.
19
Let r be (-2 + 4)*-1 - 0. Let w = 15 + r. Suppose -w = -4*d + 59. What is the highest common divisor of 9 and d?
9
Let c be (-16)/(-6)*(7 + 2). Let r be (c/(-4))/(4/(-12)). What is the highest common divisor of r and 6?
6
Suppose -5*x + 25 = 0, -2*a - 3 = x - 16. Suppose a*t + 56 = 2*w, -2*w + t - 20 + 67 = 0. Let d = w + -21. What is the highest common factor of 1 and d?
1
Let p be (6/15)/((-24)/(-2220)). What is the greatest common factor of p and 1147?
37
Let c be (165/(-12))/(-4 - 68/(-16)). Let v be (-2)/(2/(2/2)). Let x be (2*v)/(22/c). What is the highest common factor of 40 and x?
5
Let y be ((-103)/(-5))/((-3)/(-15)). Suppose v - y = 33. Let d be ((-2)/(-2))/(-1) + 18. What is the greatest common divisor of v and d?
17
Let z = -700 + 736. Calculate the greatest common divisor of z and 36.
36
Let g be 1*(-4)/(1*-2). Let f be g/(-4)*(-37 - 3). Let d be 32344/143 - 6 - (-4)/(-22). What is the highest common factor of d and f?
20
Let l(q) = q**3 - 2*q**2 + q - 1. Let b be l(4). What is the highest common factor of 140 and b?
35
Suppose 19*w = 193 + 54. Let n(p) = -2*p**3 + 24*p**2 + 28*p + 3. Let m be n(w). What is the highest common divisor of m and 1?
1
Suppose 13*q - 3*q - 330 = 0. Calculate the greatest common divisor of 3 and q.
3
Suppose 2*c + 866 = -u, 1865 + 1559 = -4*u + 2*c. Let y = -571 - u. Let b = 422 - y. Calculate the greatest common divisor of b and 15.
15
Suppose -189 = -5*m + 91. Let h be (2 + 0/(-4))*(0 + 4). What is the highest common divisor of m and h?
8
Suppose a - 5*y - 25 = -5, -2*a - 5*y = -115. What is the highest common divisor of 60 and a?
15
Let w = 69 + 18. Calculate the highest common divisor of w and 145.
29
Let i = 361 - -306. Calculate the greatest common factor of 29 and i.
29
Suppose -113*l = -104*l - 1872. What is the greatest common divisor of l and 26?
26
Let p be 98*((-21)/6 + 3). Let f = 79 + p. What is the greatest common divisor of 6 and f?
6
Let i = -336 - -405. What is the greatest common divisor of i and 184?
23
Suppose -2*v = -b + 6*b + 179, -4*v + 4*b - 316 = 0. Let t = v - -95. Calculate the highest common factor of t and 39.
13
Let b be -9 + 8 + 6*1. Suppose b*a - 1 = 4*a. Let g be (2 - 3)/(a/(-14)). What is the highest common divisor of 2 and g?
2
Let t be (15/9 - (-14)/(-21)) + 10. What is the highest common factor of t and 2?
1
Let j be ((-1)/3)/(2/60*-1). Let y = 44 + -14. Calculate the greatest common factor of j and y.
10
Let y = -22 + 60. Let i = 36 - 77. Let h = -22 - i. What is the greatest common factor of y and h?
19
Let m = 41 - 39. Suppose 0 = -m*a + 104 + 28. What is the highest common factor of a and 6?
6
Let m = -81 + 84. Suppose -l + 140 = 3*y - m*l, 0 = -y - 3*l + 32. What is the highest common divisor of 88 and y?
44
Suppose n - 55 = 33. Let p be ((-4 - -1)/(-15))/((-4)/(-40)). Suppose 21 - 5 = p*y. What is the highest common factor of n and y?
8
Let t(s) be the third derivative of -s**5/60 + 28*s**3/3 - s**2. Suppose 0 = 4*x + x. Let w be t(x). Calculate the greatest common divisor of w and 14.
14
Let c = 30 + -8. Let t(l) = 6*l**2 - 27*l - 4. Let r be t(5). What is the greatest common divisor of c and r?
11
Suppose -13*i = -14*i + 16. Suppose -12*o - 88 = -i*o. Let j be (5 + (2 - 4))*11. Calculate the highest common factor of o and j.
11
Suppose -2*f - 3*f = -3*r + 36, f + 48 = 4*r. Let k = 26 - 8. Calculate the greatest common divisor of k and r.
6
Let i = 38 + -27. Suppose 0 = -30*w + 10*w + 60. Let p be w/(30/334) - (-44)/(-110). Calculate the greatest common factor of i and p.
11
Let c be 3/6 + 78/(-12). Let x(r) = -2*r**3 - 7*r**2 + 8*r. Let m be x(c). What is the greatest common factor of m and 44?
44
Let f(a) = -10*a**2 - 48*a. Let s be f(-4). What is the highest common factor of s and 88?
8
Let i be 2 + 4 + 2 - 0. Let g be -125*4/(i/(-2)). Calculate the greatest common divisor of 25 and g.
25
Suppose 34*b - 10 = 29*b, -4*b = x - 13. Calculate the greatest common factor of x and 640.
5
Suppose -3 + 1 = -b. Suppose -b*p + p = -6. Calculate the highest common factor of p and 8.
2
Suppose -9*n + 3*n = -696. Let w = -53 + n. What is the highest common divisor of w and 42?
21
Suppose 47*p - 49*p + 2 = 0. Let s be (-6 - p)*2/(-4 - -2). Calculate the highest common factor of s and 91.
7
Let x(n) = -10*n + 170. Let h be x(-16). What is the greatest common factor of h and 120?
30
Let k(f) = 54*f**2 - f + 2. Let a be k(1). What is the highest common factor of a and 385?
55
Let a = 191 - 91. Suppose 51*n = 46*n + a. Let q = 173 + 47. Calculate the greatest common divisor of q and n.
20
Let c(i) = -2*i**3 - 3*i**2 + 11. Let t be c(-4). What is the highest common divisor of t and 91?
91
Let n(p) = 9*p**2 + 6*p + 33. Let y be n(-7). Let w be (-200)/6*(y/(-30))/6. What is the highest common factor of 10 and w?
10
Let u = -18 - -27. Suppose -f + 1 = -0*f. Let k be 9/18*(f + u). What is the greatest common divisor of k and 5?
5
Let n be ((-1032)/(-30))/((-4)/(-40)*4). What is the greatest common factor of 903 and n?
43
Suppose -2*q + 6*z - 7 = z, -z - 4 = 5*q. Let d be q + -1 + 9 + 2 - 3. Let u be (-6)/7*(-49 - 0). What is the greatest common divisor of d and u?
6
Suppose -4*j + 0*j = -40. Suppose 0 = 2*v + 5*v + 168. Let z be v/(-3) - 4 - -1. What is the highest common factor of z and j?
5
Let r be 46/(((-2)/9)/((-18)/54)). What is the greatest common divisor of 276 and r?
69
Let t(a) = a**3 + 3*a**2 + 2*a - 1. Let m be t(-2). Let h(w) = -37*w + 37*w - 16*w**3. Let b be h(m). Calculate the highest common divisor of b and 144.
16
Suppose 12*z = 15*z - 15. Suppose -z*u + 15 + 0 = 0. Let o be (-11 - (3 + -3))*-3. What is the greatest common divisor of u and o?
3
Suppose 3*k - 940 = k. What is the highest common divisor of k and 47?
47
Let o(d) = d**3 + d**2 + 4*d. Let n be o(0). Suppose -b + 2*b - 1 = n. Calculate the greatest common factor of 5 and b.
1
Let h(v) = -v**3 + 13*v**2 + 16*v + 6. Let g be h(14). Suppose p + 27 = 9. Let o = p + g. Calculate the highest common factor of o and 2.
2
Let q = -436 + 437. What is the highest common divisor of 11 and q?
1
Let w be 2*(-98)/16*-8*1. Calculate the highest common divisor of 4 and w.
2
Let g = 584 - 580. What is the greatest common factor of 41 and g?
1
Let p be (162/(-12))/((-1)/2). Suppose 0 = 3*n + 3, 2*q - 2*n + n = p. Suppose -5*t - 3 = -q. What is the greatest common factor of t and 2?
2
Let k(p) = 158*p + 2. Let c be k(1). What is the greatest common divisor of c and 5?
5
Let k be (-234)/(-2223) + 19186/38. What is the highest common divisor of 404 and k?
101
Suppose 6*r = 36 + 12. Let n be ((-60)/r - -5)*-42. What is the greatest common divisor of n and 42?
21
Let r be (-5)/(-40) + (85/8)/(-5). Let s be 3/r*(-9 + 7). Calculate the highest common divisor of 21 and s.
3
Suppose 229 - 215 = 2*l. What is the highest common divisor of 175 and l?
7
Let b = -138 - -146. Calculate the greatest common divisor of b and 10.
2
Let j = -289 - -427. What is the highest common factor of 24 and j?
6
Let q be (-327)/(-15) - 5/(-25). Suppose 5*s = 167 - q. Calculate the greatest common factor of s and 58.
29
Let r = 4 - 1. Suppose -k = -4*o - 21, 4*o = r*k - o - 49. Suppose 15*x = k*x + 18. What is the greatest common divisor of 3 and x?
3
Let m(l) = l**3 - 13*l**2 - 13*l - 14. Let z be m(14). Suppose z = -p + 3*p - 24. Suppose -6*a - 91 + 379 = 0. Calculate the greatest common divisor of p and a.
12
Suppose -b = 4*b - 30. Let y be -3 + (30/5)/(-1 + 4). Let i be y/(2*3/(-108)). Calculate the greatest common factor of b and i.
6
Let r be (-345)/(-6) - (91/(-14) - -4). Calculate the greatest common factor of 480 and r.
60
Let c be (16 - -2)*14/21. Let n(r) = -4*r + 9. Let t be n(-4). Let j = t - c. What is the greatest common factor of j 